8. Determine h(-6).
-10
Let d(r) = r**2 - 11*r + 1. Determine d(11).
1
Let t(u) = u - 8. Calculate t(-5).
-13
Let v(i) = -i**2 + 14*i - 40. What is v(9)?
5
Let w(t) = -4*t**3 - 2*t**2 + 3*t + 45. What is w(0)?
45
Let a(n) = n**2 - 13*n - 2. Calculate a(11).
-24
Let i(m) = -3*m**2 + 2*m - 1. Calculate i(3).
-22
Let s(n) = n**2 + 23*n - 43. Give s(-25).
7
Let f(p) = p + 4. Determine f(-9).
-5
Let m(a) = 2*a**2 + 8*a - 20. What is m(-8)?
44
Let s(p) = 6*p**3 - 2*p + 1. Determine s(2).
45
Let o(f) = f**2 - 8*f + 2. Give o(11).
35
Let c(u) = -u**2 + 12*u + 17. Determine c(14).
-11
Let m(x) = -x - 11. Calculate m(0).
-11
Let y(b) = -13*b + 26. What is y(3)?
-13
Let r(s) = s**2 + 7*s - 1. What is r(-6)?
-7
Let c(x) = x**3 - 6*x**2 - 22*x + 137. Calculate c(5).
2
Let x(b) = b + 10. What is x(5)?
15
Let n(d) = -d**2 + 6*d + 8. Calculate n(9).
-19
Let i(o) = 16*o - 28. Calculate i(-2).
-60
Let j(m) = -33*m - 397. Calculate j(-12).
-1
Let r(j) = j**3 + 11*j**2 + 22*j + 124. Give r(-10).
4
Let u(c) = -2*c**2 - 20*c + 70. Calculate u(-13).
-8
Let k(q) = q**3 + 2*q**2 - 18*q + 12. Calculate k(-6).
-24
Let i(c) = c**2 - 15*c - 18. Calculate i(13).
-44
Let i(f) = f**3 - 14*f**2 - 15*f + 11. What is i(15)?
11
Let l(s) = s**3 + 9*s**2 - 11*s + 11. Determine l(-10).
21
Let q(t) = 4*t - 6. Calculate q(4).
10
Let q(f) = -12*f - 11. Calculate q(-12).
133
Let n(r) = -10*r + 7. What is n(3)?
-23
Let d(w) = w - 44. What is d(0)?
-44
Let d(j) = j**3 - 15*j**2 + j - 5. Calculate d(15).
10
Let g(y) = 3*y - 8. Determine g(6).
10
Let v(g) = -6*g**3 - g + 1. Determine v(1).
-6
Let d(b) = -b**2 - 8*b + 19. Give d(-12).
-29
Let k(c) = -c**2 - 10*c - 4. Calculate k(-7).
17
Let x(s) = -3*s - 5. What is x(-1)?
-2
Let a(w) = -14*w**2 - 4. What is a(2)?
-60
Let r(h) = 5*h**3 + 3*h**2 + 4*h + 2. What is r(-1)?
-4
Let a(i) = i + 1. Calculate a(-9).
-8
Let l(p) = 125*p - 1. Determine l(1).
124
Let r(h) = -2*h**2 - 2*h + 3. Calculate r(2).
-9
Let g(j) = 9*j**3 - j - 1. Determine g(-1).
-9
Let m(z) = z**3 - 14*z**2 - 33*z + 21. Calculate m(16).
5
Let x(d) = d**3 - 40*d**2 - 3*d + 121. Determine x(40).
1
Let r(v) = -v - 62. Calculate r(-14).
-48
Let j(y) = -y**3 - y + 6. Give j(0).
6
Let c(d) = 3*d - 10. What is c(-8)?
-34
Let j(m) = 2*m**2 - 7*m + 5. Calculate j(4).
9
Let t(k) = 11*k + 230. What is t(-21)?
-1
Let n(y) = y**3 + 7*y**2 + 2*y - 3. Determine n(-6).
21
Let l(b) = b**2 + 11*b + 23. What is l(-8)?
-1
Let r(y) = 7*y - 3. Calculate r(11).
74
Let d(i) = i + 12. What is d(-10)?
2
Let w(q) = -q**3 - 8*q**2 - 6*q + 7. Calculate w(-7).
0
Let k(p) = -p + 15. Determine k(14).
1
Let w(i) = 2*i**2 - 6*i - 5. Give w(4).
3
Let d(m) = -m**3 - 21*m**2 - 15*m - 3. Calculate d(-20).
-103
Let o(c) = -4*c + 63. Calculate o(18).
-9
Let d(c) = -c**3 - 8*c**2 - 19*c - 11. Give d(-5).
9
Let j(v) = 2*v**3 - v**2 - 10. Determine j(0).
-10
Let d(t) = 25*t + 400. Give d(-16).
0
Let q(h) = -h**2 - 16*h + 5. What is q(-17)?
-12
Let h(m) = m**2 - 2*m + 7. Calculate h(-4).
31
Let l(t) = -3*t**2 - 44*t - 68. Give l(-13).
-3
Let q(i) = i**3 + 4*i**2 + 1. Calculate q(-2).
9
Let g(a) = -a**2 - 4*a + 42. Calculate g(-11).
-35
Let n(d) = -3*d - 105. Calculate n(-26).
-27
Let z(h) = -2*h + 3. What is z(-3)?
9
Let y(x) = x + 37. Determine y(-18).
19
Let v(j) = -18*j**2 + 9*j + 7. Calculate v(-1).
-20
Let t(c) = 27*c**3 + c**2 + c. Determine t(-1).
-27
Let g(f) = f**3 + 8*f**2 - f + 6. What is g(-8)?
14
Let y(d) = d**2 - 10*d - 6. Determine y(4).
-30
Let l(a) = a**2 + 8*a + 12. Give l(-6).
0
Let q(w) = 3*w - 19. Calculate q(8).
5
Let k(n) = -n**3 - 14*n**2 - 15*n - 25. Give k(-13).
1
Let o(u) = 2*u**2 - 44*u + 106. What is o(20)?
26
Let a(j) = j**2 - 2*j. What is a(0)?
0
Let r(u) = u**2 - 8*u + 9. Give r(5).
-6
Let s(k) = k**3 - 4*k**2 + 3*k + 4. Calculate s(2).
2
Let k(z) = -4*z - 10. Give k(-7).
18
Let h(k) = k**3 - 7*k**2 + 9*k + 3. Determine h(5).
-2
Let t(p) = 5*p - 7. What is t(2)?
3
Let r(x) = -2*x + 17. Calculate r(12).
-7
Let w(h) = 2*h**3 + 5*h**2 - 6*h - 2. Calculate w(-3).
7
Let i(b) = -5*b - 201. Determine i(-39).
-6
Let c(a) = a**3 - 11*a**2 - a + 23. Calculate c(11).
12
Let x(k) = -k**2 + 7*k + 14. Give x(6).
20
Let p(b) = -b**2 + 2*b + 5. Calculate p(4).
-3
Let r(u) = 7*u**2 - 3*u - 2. Calculate r(3).
52
Let z(y) = -11*y**2 + 27*y - 5. Give z(2).
5
Let g(h) = h - 12. Determine g(0).
-12
Let k(w) = -w**3 - 9*w**2 - 6*w - 3. Calculate k(-8).
-19
Let p(c) = c**3 + 4*c**2 - c + 34. What is p(0)?
34
Let c(t) = -t**2 - 8*t - 4. Calculate c(-9).
-13
Let j(c) = -4*c + 123. Calculate j(25).
23
Let f(g) = 3*g**2 - 5*g + 3. What is f(3)?
15
Let y(b) = 22*b + 404. Determine y(-18).
8
Let m(x) = x**3 - 10*x**2 + 6*x + 17. Determine m(9).
-10
Let v(i) = i**3 - 22*i**2 + 21*i - 22. What is v(21)?
-22
Let q(v) = -v + 26. What is q(-8)?
34
Let s(g) = -32*g + 61. Determine s(2).
-3
Let i(x) = x**3 + 11*x**2 + 21*x - 8. Calculate i(-8).
16
Let l(f) = -17*f**2 - 2*f + 1. Determine l(-2).
-63
Let t(q) = -2*q**2 + 7*q + 12. What is t(7)?
-37
Let q(u) = 23*u**2 + 277*u + 17. Give q(-12).
5
Let v(j) = -j**2 + 14*j - 33. Calculate v(10).
7
Let r(b) = b**2 + 15*b + 13. Determine r(-12).
-23
Let x(u) = u**3 + 5*u**2 + 2*u + 3. Give x(-5).
-7
Let q(i) = -2*i**3 + 14*i**2 + 7*i + 17. Determine q(7).
66
Let l(m) = m**2. What is l(0)?
0
Let g(u) = -4*u + 34. Calculate g(1).
30
Let s(c) = c**2 + 6*c - 29. What is s(-10)?
11
Let k(n) = -n**2 - 13*n - 38. Calculate k(-4).
-2
Let p(j) = -j**2 - 13*j + 129. What is p(-20)?
-11
Let b(a) = -8*a - 3. Give b(-4).
29
Let u(z) = 2*z**2 + 13*z + 11. Determine u(-8).
35
Let g(b) = -17*b + 38. Determine g(2).
4
Let p(h) = 99*h**2 + 2*h + 4. What is p(-1)?
101
Let v(p) = -p**3 + 18*p**2 - 14*p - 41. What is v(17)?
10
Let o(n) = -n**2 + 4*n + 12. Give o(-2).
0
Let y(g) = -g**2 + 37*g + 4. Determine y(37).
4
Let x(n) = n**2 + 14*n - 16. Calculate x(-14).
-16
Let m(h) = h**3 - 7*h**2 + 5*h - 9. What is m(6)?
-15
Let d(n) = -n**2 + 20*n - 113. Give d(12).
-17
Let n(d) = -d**3 - 2*d**2 + 10*d + 9. Give n(-4).
1
Let h(o) = -12*o - 86. What is h(-6)?
-14
Let p(s) = 2*s**2 + 8*s + 5. What is p(-5)?
15
Let m(p) = -8*p - 31. Determine m(-8).
33
Let i(l) = l**3 + 3*l**2 - 8*l - 11. Calculate i(-5).
-21
Let n(i) = i**2 + 8*i - 1. Give n(4).
47
Let z(l) = 7*l + 29. What is z(-5)?
-6
Let r(n) = n**3 - 10*n**2 - 14. Determine r(10).
-14
Let t(z) = -z + 1. Give t(9).
-8
Let u(o) = -2*o**2 - 3*o + 1. Calculate u(-4).
-19
Let v(d) = -d**2 - 7*d - 14. What is v(-6)?
-8
Let g(x) = -2*x**2 - 3*x + 4. Determine g(2).
-10
Let s(c) = -2*c**2 + 8*c + 17. Calculate s(8).
-47
Let c(o) = o**2 - 3*o - 6. Give c(3).
-6
Let d(n) = -n**3 - n**2 - 2*n - 4. Determine d(3).
-46
Let m(g) = g**3 - 37*g**2 - 38*g + 7. Calculate m(38).
7
Let l(q) = q**2 - 16*q + 62. Calculate l(10).
2
Let u(j) = -2*j**2 + 98*j + 102. Give u(50).
2
Let v(w) = -8*w - 70. Calculate v(-9).
2
Let p(z) = z**2 - 7*z + 8. Determine p(7).
8
Let k(i) = -i**3 + 3*i**2 + 8*i - 24. Calculate k(3).
0
Let t(q) = q**3 - 5*q**2 + 11*q + 4. Calculate t(5).
59
Let t(p) = -27*p**2 + 1. Give t(-2).
-107
Let g(s) = 5*s**3 + 2*s**2 - 2*s + 2. Determine g(1).
7
Let k(z) = 3*z - 7. Calculate k(5).
8
Let q(u) = -11*u + 5. Determine q(-5).
60
Let y(r) = r**3 - 3*r. Determine y(-3).
-18
Let l(j) = j**2 + 10*j - 21. Determine l(-9).
-30
Let i(p) = p**3 + 3*p**2 + p + 6. What is i(-5)?
-49
Let l(q) = -18*q**2 + 38*q - 7. Give l(2).
-3
Let s(x) = -x**2 - 24*x + 39. Determine s(-24).
39
Let h(i) = -i**2 - 13. What is h(0)?
-13
Let c(l) = 2*l + 12. Calculate c(-1).
10
Let a(p) = 15*p**2 - 1. What is a(-2)?
59
Let z(x) = 10*x + 18. Calculate z(8).
98
Let r(s) = -s**2 + 8*s + 6. Determine r(5).
21
Let l(x) = x**3 + 9*x**2 + 5*x - 9. Determine l(-8).
15
Let j(p) = -p + 36. Calculate j(23).
13
Let u(t) = 4*t**2 - 32*t + 18. What is u(7)?
-10
Let r(z) = -z**2 + 4*z + 1. What is r(2)?
5
Let l(u) = -u**3 - 7*u**2 - 7*u - 5. Give l(-4).
-25
Let p(o) = 12*o + 7. Calculate p(-1).
-5
Let y(p) = -p**2 - 9*p + 11. Calculate y(-8).
19
Let n(q) = 7*q - 4. Determine n(3).
17
Let x(f) = 5*f + 4. Give x(0).
4
Let r(b) = b**2 - 7*b + 8. Give r(7).
8
Let f(m) = m**3 - 3*m**2 + 2*m + 2. Determine f(2).
2
Let h(k) = -4*k**2 + 36*k - 9. Calculate h(8).
23
Let l(a) = -a**3 + 7*a**2 + 6*a + 9. Determi